{"id":200,"date":"2021-11-09T23:50:51","date_gmt":"2021-11-09T23:50:51","guid":{"rendered":"http:\/\/wp.xn--bauernldle-malsch-wqb.de\/?page_id=200"},"modified":"2021-11-14T19:12:10","modified_gmt":"2021-11-14T19:12:10","slug":"heisse-theke","status":"publish","type":"page","link":"https:\/\/bauernl\u00e4dle-malsch.de\/home\/heisse-theke\/","title":{"rendered":"Hei\u00dfe Theke"},"content":{"rendered":"\t\t<div data-elementor-type=\"wp-page\" data-elementor-id=\"200\" class=\"elementor elementor-200\">\n\t\t\t\t\t\t<div class=\"elementor-inner\">\n\t\t\t\t<div class=\"elementor-section-wrap\">\n\t\t\t\t\t\t\t\t\t<section class=\"elementor-section elementor-top-section elementor-element elementor-element-20aa839 elementor-section-boxed elementor-section-height-default elementor-section-height-default\" data-id=\"20aa839\" data-element_type=\"section\">\n\t\t\t\t\t\t<div class=\"elementor-container elementor-column-gap-default\">\n\t\t\t\t\t\t\t<div class=\"elementor-row\">\n\t\t\t\t\t<div class=\"elementor-column elementor-col-100 elementor-top-column elementor-element elementor-element-590eb45\" data-id=\"590eb45\" data-element_type=\"column\">\n\t\t\t<div class=\"elementor-column-wrap elementor-element-populated\">\n\t\t\t\t\t\t\t<div class=\"elementor-widget-wrap\">\n\t\t\t\t\t\t<div class=\"elementor-element elementor-element-620df23 elementor-widget elementor-widget-heading\" data-id=\"620df23\" data-element_type=\"widget\" data-widget_type=\"heading.default\">\n\t\t\t\t<div class=\"elementor-widget-container\">\n\t\t\t<h2 class=\"elementor-heading-title elementor-size-default\">Unsere hei\u00dfe Theke (Freitags 09:00-12:00 Uhr)<\/h2>\t\t<\/div>\n\t\t\t\t<\/div>\n\t\t\t\t\t\t<\/div>\n\t\t\t\t\t<\/div>\n\t\t<\/div>\n\t\t\t\t\t\t\t\t<\/div>\n\t\t\t\t\t<\/div>\n\t\t<\/section>\n\t\t\t\t<section class=\"elementor-section elementor-top-section elementor-element elementor-element-adb0912 elementor-section-boxed elementor-section-height-default elementor-section-height-default\" data-id=\"adb0912\" data-element_type=\"section\">\n\t\t\t\t\t\t<div class=\"elementor-container elementor-column-gap-default\">\n\t\t\t\t\t\t\t<div class=\"elementor-row\">\n\t\t\t\t\t<div class=\"elementor-column elementor-col-33 elementor-top-column elementor-element elementor-element-a06f1ed\" data-id=\"a06f1ed\" data-element_type=\"column\">\n\t\t\t<div class=\"elementor-column-wrap elementor-element-populated\">\n\t\t\t\t\t\t\t<div class=\"elementor-widget-wrap\">\n\t\t\t\t\t\t<div class=\"elementor-element elementor-element-0816600 elementor-widget elementor-widget-text-editor\" data-id=\"0816600\" data-element_type=\"widget\" data-widget_type=\"text-editor.default\">\n\t\t\t\t<div class=\"elementor-widget-container\">\n\t\t\t\t\t\t\t\t<div class=\"elementor-text-editor elementor-clearfix\">\n\t\t\t\t<ul><li><span class=\"cb2 fs28 ff1 cf0\">Grillbauch<\/span><\/li><li><span class=\"cb2 fs28 ff1 cf0\">Abgekochtes<\/span><\/li><li><span class=\"cb2 fs28 ff1 cf0\">Gegrillte Rippchen<\/span><\/li><li>Gef\u00fcllter Rollbraten\u00a0<\/li><li><span class=\"cb2 fs28 ff1 cf0\">Fleischk\u00e4se<\/span><\/li><li><span class=\"cb2 fs28 ff1 cf0\">Zwiebelfleischk\u00e4se<\/span><\/li><li><span class=\"cb2 fs28 ff1 cf0\">Pizzafleischk\u00e4se\u00a0<\/span><\/li><\/ul>\t\t\t\t\t<\/div>\n\t\t\t\t\t\t<\/div>\n\t\t\t\t<\/div>\n\t\t\t\t\t\t<\/div>\n\t\t\t\t\t<\/div>\n\t\t<\/div>\n\t\t\t\t<div class=\"elementor-column elementor-col-66 elementor-top-column elementor-element elementor-element-afa9f74\" data-id=\"afa9f74\" data-element_type=\"column\">\n\t\t\t<div class=\"elementor-column-wrap elementor-element-populated\">\n\t\t\t\t\t\t\t<div class=\"elementor-widget-wrap\">\n\t\t\t\t\t\t<div class=\"elementor-element elementor-element-2f94dd1 elementor-widget elementor-widget-image\" data-id=\"2f94dd1\" data-element_type=\"widget\" data-widget_type=\"image.default\">\n\t\t\t\t<div class=\"elementor-widget-container\">\n\t\t\t\t\t\t\t\t<div class=\"elementor-image\">\n\t\t\t\t\t\t\t\t\t\t\t\t<img width=\"365\" height=\"273\" src=\"https:\/\/bauernl\u00e4dle-malsch.de\/wp-content\/uploads\/2021\/11\/Heisstheke-2-.png\" class=\"attachment-large size-large\" alt=\"\" loading=\"lazy\" srcset=\"https:\/\/bauernl\u00e4dle-malsch.de\/wp-content\/uploads\/2021\/11\/Heisstheke-2-.png 365w, https:\/\/bauernl\u00e4dle-malsch.de\/wp-content\/uploads\/2021\/11\/Heisstheke-2--300x224.png 300w\" sizes=\"(max-width: 365px) 100vw, 365px\" \/>\t\t\t\t\t\t\t\t\t\t\t\t\t\t<\/div>\n\t\t\t\t\t\t<\/div>\n\t\t\t\t<\/div>\n\t\t\t\t\t\t<\/div>\n\t\t\t\t\t<\/div>\n\t\t<\/div>\n\t\t\t\t\t\t\t\t<\/div>\n\t\t\t\t\t<\/div>\n\t\t<\/section>\n\t\t\t\t\t\t\t\t\t<\/div>\n\t\t\t<\/div>\n\t\t\t\t\t<\/div>\n\t\t","protected":false},"excerpt":{"rendered":"<p>Unsere hei\u00dfe Theke (Freitags 09:00-12:00 Uhr) Grillbauch Abgekochtes Gegrillte Rippchen Gef\u00fcllter Rollbraten\u00a0 Fleischk\u00e4se Zwiebelfleischk\u00e4se Pizzafleischk\u00e4se\u00a0<\/p>\n","protected":false},"author":1,"featured_media":0,"parent":0,"menu_order":0,"comment_status":"closed","ping_status":"closed","template":"","meta":[],"_links":{"self":[{"href":"https:\/\/bauernl\u00e4dle-malsch.de\/home\/wp-json\/wp\/v2\/pages\/200"}],"collection":[{"href":"https:\/\/bauernl\u00e4dle-malsch.de\/home\/wp-json\/wp\/v2\/pages"}],"about":[{"href":"https:\/\/bauernl\u00e4dle-malsch.de\/home\/wp-json\/wp\/v2\/types\/page"}],"author":[{"embeddable":true,"href":"https:\/\/bauernl\u00e4dle-malsch.de\/home\/wp-json\/wp\/v2\/users\/1"}],"replies":[{"embeddable":true,"href":"https:\/\/bauernl\u00e4dle-malsch.de\/home\/wp-json\/wp\/v2\/comments?post=200"}],"version-history":[{"count":6,"href":"https:\/\/bauernl\u00e4dle-malsch.de\/home\/wp-json\/wp\/v2\/pages\/200\/revisions"}],"predecessor-version":[{"id":224,"href":"https:\/\/bauernl\u00e4dle-malsch.de\/home\/wp-json\/wp\/v2\/pages\/200\/revisions\/224"}],"wp:attachment":[{"href":"https:\/\/bauernl\u00e4dle-malsch.de\/home\/wp-json\/wp\/v2\/media?parent=200"}],"curies":[{"name":"wp","href":"https:\/\/api.w.org\/{rel}","templated":true}]}}