{"id":214,"date":"2021-11-10T00:16:03","date_gmt":"2021-11-10T00:16:03","guid":{"rendered":"http:\/\/wp.xn--bauernldle-malsch-wqb.de\/?page_id=214"},"modified":"2021-11-18T16:47:34","modified_gmt":"2021-11-18T16:47:34","slug":"wurst-und-lebensmittel-automat","status":"publish","type":"page","link":"https:\/\/bauernl\u00e4dle-malsch.de\/home\/wurst-und-lebensmittel-automat\/","title":{"rendered":"Wurst und Lebensmittel Automat"},"content":{"rendered":"\t\t<div data-elementor-type=\"wp-page\" data-elementor-id=\"214\" class=\"elementor elementor-214\">\n\t\t\t\t\t\t<div class=\"elementor-inner\">\n\t\t\t\t<div class=\"elementor-section-wrap\">\n\t\t\t\t\t\t\t\t\t<section class=\"elementor-section elementor-top-section elementor-element elementor-element-e0641fb elementor-section-boxed elementor-section-height-default elementor-section-height-default\" data-id=\"e0641fb\" data-element_type=\"section\">\n\t\t\t\t\t\t<div class=\"elementor-container elementor-column-gap-default\">\n\t\t\t\t\t\t\t<div class=\"elementor-row\">\n\t\t\t\t\t<div class=\"elementor-column elementor-col-100 elementor-top-column elementor-element elementor-element-a5ebc90\" data-id=\"a5ebc90\" data-element_type=\"column\">\n\t\t\t<div class=\"elementor-column-wrap elementor-element-populated\">\n\t\t\t\t\t\t\t<div class=\"elementor-widget-wrap\">\n\t\t\t\t\t\t<div class=\"elementor-element elementor-element-47fb616 elementor-widget elementor-widget-heading\" data-id=\"47fb616\" data-element_type=\"widget\" data-widget_type=\"heading.default\">\n\t\t\t\t<div class=\"elementor-widget-container\">\n\t\t\t<h2 class=\"elementor-heading-title elementor-size-default\">Wurst und Lebensmittelautomat<\/h2>\t\t<\/div>\n\t\t\t\t<\/div>\n\t\t\t\t\t\t<\/div>\n\t\t\t\t\t<\/div>\n\t\t<\/div>\n\t\t\t\t\t\t\t\t<\/div>\n\t\t\t\t\t<\/div>\n\t\t<\/section>\n\t\t\t\t<section class=\"elementor-section elementor-top-section elementor-element elementor-element-ef314c6 elementor-section-boxed elementor-section-height-default elementor-section-height-default\" data-id=\"ef314c6\" data-element_type=\"section\">\n\t\t\t\t\t\t<div class=\"elementor-container elementor-column-gap-default\">\n\t\t\t\t\t\t\t<div class=\"elementor-row\">\n\t\t\t\t\t<div class=\"elementor-column elementor-col-33 elementor-top-column elementor-element elementor-element-ccec02c\" data-id=\"ccec02c\" data-element_type=\"column\">\n\t\t\t<div class=\"elementor-column-wrap elementor-element-populated\">\n\t\t\t\t\t\t\t<div class=\"elementor-widget-wrap\">\n\t\t\t\t\t\t<div class=\"elementor-element elementor-element-a1366bf elementor-widget elementor-widget-text-editor\" data-id=\"a1366bf\" data-element_type=\"widget\" data-widget_type=\"text-editor.default\">\n\t\t\t\t<div class=\"elementor-widget-container\">\n\t\t\t\t\t\t\t\t<div class=\"elementor-text-editor elementor-clearfix\">\n\t\t\t\t<p><span style=\"color: #666666; font-family: 'Encode Sans Condensed', Helvetica, Arial, Lucida, sans-serif; font-size: 17px; text-align: center;\">Unsere hochmodernen Verkaufsautomaten stellen die perfekte Erg\u00e4nzung zu unserem Laden, mit eingeschr\u00e4nkten \u00d6ffnungszeiten dar.<\/span><br style=\"color: #666666; font-family: 'Encode Sans Condensed', Helvetica, Arial, Lucida, sans-serif; font-size: 17px; text-align: center;\" \/><span style=\"color: #666666; font-family: 'Encode Sans Condensed', Helvetica, Arial, Lucida, sans-serif; font-size: 17px; text-align: center;\">Hier k\u00f6nnen Sie unsere Produkte rund um die Uhr erwerben.\u00a0<\/span><\/p><p><span style=\"color: #666666; font-family: 'Encode Sans Condensed', Helvetica, Arial, Lucida, sans-serif; font-size: 17px; text-align: center;\">Brauchen Sie Sonntags noch ein Fr\u00fchst\u00fccksei? F\u00e4llt es Ihnen spontan ein zu grillen?<\/span><\/p><p><br style=\"color: #666666; font-family: 'Encode Sans Condensed', Helvetica, Arial, Lucida, sans-serif; font-size: 17px; text-align: center;\" \/><span style=\"color: #666666; font-family: 'Encode Sans Condensed', Helvetica, Arial, Lucida, sans-serif; font-size: 17px; text-align: center;\">Mit unseren Automaten \u2013 kein Problem!<\/span><\/p><p><span style=\"color: #666666; font-family: 'Encode Sans Condensed', Helvetica, Arial, Lucida, sans-serif; font-size: 17px; text-align: center;\">\u00a0<\/span><\/p><p style=\"text-align: center;\"><span style=\"color: #666666; font-family: Encode Sans Condensed, Helvetica, Arial, Lucida, sans-serif;\"><span style=\"font-size: 17px;\">Von Nudeln \u00fcber Dosenwurst bis hin zu frischen Eiern und frischem Fleisch finden Sie alles was das Herz begehrt. Und das 24h an sieben Tagen in der Woche.<\/span><\/span><\/p>\t\t\t\t\t<\/div>\n\t\t\t\t\t\t<\/div>\n\t\t\t\t<\/div>\n\t\t\t\t\t\t<\/div>\n\t\t\t\t\t<\/div>\n\t\t<\/div>\n\t\t\t\t<div class=\"elementor-column elementor-col-66 elementor-top-column elementor-element elementor-element-72cb2aa\" data-id=\"72cb2aa\" data-element_type=\"column\">\n\t\t\t<div class=\"elementor-column-wrap elementor-element-populated\">\n\t\t\t\t\t\t\t<div class=\"elementor-widget-wrap\">\n\t\t\t\t\t\t<div class=\"elementor-element elementor-element-2fb1052 elementor-widget elementor-widget-image\" data-id=\"2fb1052\" data-element_type=\"widget\" data-widget_type=\"image.default\">\n\t\t\t\t<div class=\"elementor-widget-container\">\n\t\t\t\t\t\t\t\t<div class=\"elementor-image\">\n\t\t\t\t\t\t\t\t\t\t\t\t<img width=\"680\" height=\"460\" src=\"https:\/\/bauernl\u00e4dle-malsch.de\/wp-content\/uploads\/2021\/11\/WhatsApp-Image-2021-11-18-at-16.07.05-1-1024x693.jpeg\" class=\"attachment-large size-large\" alt=\"\" loading=\"lazy\" srcset=\"https:\/\/bauernl\u00e4dle-malsch.de\/wp-content\/uploads\/2021\/11\/WhatsApp-Image-2021-11-18-at-16.07.05-1-1024x693.jpeg 1024w, https:\/\/bauernl\u00e4dle-malsch.de\/wp-content\/uploads\/2021\/11\/WhatsApp-Image-2021-11-18-at-16.07.05-1-300x203.jpeg 300w, https:\/\/bauernl\u00e4dle-malsch.de\/wp-content\/uploads\/2021\/11\/WhatsApp-Image-2021-11-18-at-16.07.05-1-768x520.jpeg 768w, https:\/\/bauernl\u00e4dle-malsch.de\/wp-content\/uploads\/2021\/11\/WhatsApp-Image-2021-11-18-at-16.07.05-1-1536x1040.jpeg 1536w, https:\/\/bauernl\u00e4dle-malsch.de\/wp-content\/uploads\/2021\/11\/WhatsApp-Image-2021-11-18-at-16.07.05-1.jpeg 1600w\" sizes=\"(max-width: 680px) 100vw, 680px\" \/>\t\t\t\t\t\t\t\t\t\t\t\t\t\t<\/div>\n\t\t\t\t\t\t<\/div>\n\t\t\t\t<\/div>\n\t\t\t\t\t\t<\/div>\n\t\t\t\t\t<\/div>\n\t\t<\/div>\n\t\t\t\t\t\t\t\t<\/div>\n\t\t\t\t\t<\/div>\n\t\t<\/section>\n\t\t\t\t<section class=\"elementor-section elementor-top-section elementor-element elementor-element-3f9276a elementor-section-boxed elementor-section-height-default elementor-section-height-default\" data-id=\"3f9276a\" data-element_type=\"section\">\n\t\t\t\t\t\t<div class=\"elementor-container elementor-column-gap-default\">\n\t\t\t\t\t\t\t<div class=\"elementor-row\">\n\t\t\t\t\t<div class=\"elementor-column elementor-col-50 elementor-top-column elementor-element elementor-element-4369aa7\" data-id=\"4369aa7\" data-element_type=\"column\">\n\t\t\t<div class=\"elementor-column-wrap elementor-element-populated\">\n\t\t\t\t\t\t\t<div class=\"elementor-widget-wrap\">\n\t\t\t\t\t\t<div class=\"elementor-element elementor-element-7025213 elementor-widget elementor-widget-image\" data-id=\"7025213\" data-element_type=\"widget\" data-widget_type=\"image.default\">\n\t\t\t\t<div class=\"elementor-widget-container\">\n\t\t\t\t\t\t\t\t<div class=\"elementor-image\">\n\t\t\t\t\t\t\t\t\t\t\t\t<img width=\"680\" height=\"845\" src=\"https:\/\/bauernl\u00e4dle-malsch.de\/wp-content\/uploads\/2021\/11\/WhatsApp-Image-2021-11-18-at-16.07.03-1-824x1024.jpeg\" class=\"attachment-large size-large\" alt=\"\" loading=\"lazy\" srcset=\"https:\/\/bauernl\u00e4dle-malsch.de\/wp-content\/uploads\/2021\/11\/WhatsApp-Image-2021-11-18-at-16.07.03-1-824x1024.jpeg 824w, https:\/\/bauernl\u00e4dle-malsch.de\/wp-content\/uploads\/2021\/11\/WhatsApp-Image-2021-11-18-at-16.07.03-1-241x300.jpeg 241w, https:\/\/bauernl\u00e4dle-malsch.de\/wp-content\/uploads\/2021\/11\/WhatsApp-Image-2021-11-18-at-16.07.03-1-768x954.jpeg 768w, https:\/\/bauernl\u00e4dle-malsch.de\/wp-content\/uploads\/2021\/11\/WhatsApp-Image-2021-11-18-at-16.07.03-1.jpeg 1197w\" sizes=\"(max-width: 680px) 100vw, 680px\" \/>\t\t\t\t\t\t\t\t\t\t\t\t\t\t<\/div>\n\t\t\t\t\t\t<\/div>\n\t\t\t\t<\/div>\n\t\t\t\t\t\t<\/div>\n\t\t\t\t\t<\/div>\n\t\t<\/div>\n\t\t\t\t<div class=\"elementor-column elementor-col-50 elementor-top-column elementor-element elementor-element-aa209da\" data-id=\"aa209da\" data-element_type=\"column\">\n\t\t\t<div class=\"elementor-column-wrap elementor-element-populated\">\n\t\t\t\t\t\t\t<div class=\"elementor-widget-wrap\">\n\t\t\t\t\t\t<div class=\"elementor-element elementor-element-44aa6ba elementor-widget elementor-widget-image\" data-id=\"44aa6ba\" data-element_type=\"widget\" data-widget_type=\"image.default\">\n\t\t\t\t<div class=\"elementor-widget-container\">\n\t\t\t\t\t\t\t\t<div class=\"elementor-image\">\n\t\t\t\t\t\t\t\t\t\t\t\t<img width=\"680\" height=\"844\" src=\"https:\/\/bauernl\u00e4dle-malsch.de\/wp-content\/uploads\/2021\/11\/WhatsApp-Image-2021-11-18-at-16.07.04-1-1-825x1024.jpeg\" class=\"attachment-large size-large\" alt=\"\" loading=\"lazy\" srcset=\"https:\/\/bauernl\u00e4dle-malsch.de\/wp-content\/uploads\/2021\/11\/WhatsApp-Image-2021-11-18-at-16.07.04-1-1-825x1024.jpeg 825w, https:\/\/bauernl\u00e4dle-malsch.de\/wp-content\/uploads\/2021\/11\/WhatsApp-Image-2021-11-18-at-16.07.04-1-1-242x300.jpeg 242w, https:\/\/bauernl\u00e4dle-malsch.de\/wp-content\/uploads\/2021\/11\/WhatsApp-Image-2021-11-18-at-16.07.04-1-1-768x953.jpeg 768w, https:\/\/bauernl\u00e4dle-malsch.de\/wp-content\/uploads\/2021\/11\/WhatsApp-Image-2021-11-18-at-16.07.04-1-1.jpeg 1197w\" sizes=\"(max-width: 680px) 100vw, 680px\" \/>\t\t\t\t\t\t\t\t\t\t\t\t\t\t<\/div>\n\t\t\t\t\t\t<\/div>\n\t\t\t\t<\/div>\n\t\t\t\t\t\t<\/div>\n\t\t\t\t\t<\/div>\n\t\t<\/div>\n\t\t\t\t\t\t\t\t<\/div>\n\t\t\t\t\t<\/div>\n\t\t<\/section>\n\t\t\t\t\t\t\t\t\t<\/div>\n\t\t\t<\/div>\n\t\t\t\t\t<\/div>\n\t\t","protected":false},"excerpt":{"rendered":"<p>Wurst und Lebensmittelautomat Unsere hochmodernen Verkaufsautomaten stellen die perfekte Erg\u00e4nzung zu unserem Laden, mit eingeschr\u00e4nkten [&hellip;]<\/p>\n","protected":false},"author":1,"featured_media":0,"parent":0,"menu_order":0,"comment_status":"closed","ping_status":"closed","template":"","meta":[],"_links":{"self":[{"href":"https:\/\/bauernl\u00e4dle-malsch.de\/home\/wp-json\/wp\/v2\/pages\/214"}],"collection":[{"href":"https:\/\/bauernl\u00e4dle-malsch.de\/home\/wp-json\/wp\/v2\/pages"}],"about":[{"href":"https:\/\/bauernl\u00e4dle-malsch.de\/home\/wp-json\/wp\/v2\/types\/page"}],"author":[{"embeddable":true,"href":"https:\/\/bauernl\u00e4dle-malsch.de\/home\/wp-json\/wp\/v2\/users\/1"}],"replies":[{"embeddable":true,"href":"https:\/\/bauernl\u00e4dle-malsch.de\/home\/wp-json\/wp\/v2\/comments?post=214"}],"version-history":[{"count":24,"href":"https:\/\/bauernl\u00e4dle-malsch.de\/home\/wp-json\/wp\/v2\/pages\/214\/revisions"}],"predecessor-version":[{"id":383,"href":"https:\/\/bauernl\u00e4dle-malsch.de\/home\/wp-json\/wp\/v2\/pages\/214\/revisions\/383"}],"wp:attachment":[{"href":"https:\/\/bauernl\u00e4dle-malsch.de\/home\/wp-json\/wp\/v2\/media?parent=214"}],"curies":[{"name":"wp","href":"https:\/\/api.w.org\/{rel}","templated":true}]}}